is divided by 3095?
2972
What is the remainder when 53669 is divided by 53582?
87
What is the remainder when 51509 is divided by 212?
205
What is the remainder when 1280863 is divided by 11202?
3835
Calculate the remainder when 7858642 is divided by 2619545.
7
What is the remainder when 1454541 is divided by 4018?
25
Calculate the remainder when 502276 is divided by 674.
146
What is the remainder when 4219890 is divided by 1406606?
72
Calculate the remainder when 853286 is divided by 2426.
1760
Calculate the remainder when 3193638 is divided by 1212.
18
Calculate the remainder when 7229816 is divided by 516414.
20
Calculate the remainder when 2617436 is divided by 267.
35
Calculate the remainder when 384744813 is divided by 306.
303
What is the remainder when 388101 is divided by 9?
3
What is the remainder when 88758 is divided by 12630?
348
Calculate the remainder when 11396644 is divided by 5698310.
24
What is the remainder when 515763 is divided by 1348?
827
What is the remainder when 59780 is divided by 5415?
215
What is the remainder when 72084 is divided by 4240?
4
What is the remainder when 3058820 is divided by 245?
240
What is the remainder when 3412119 is divided by 63187?
21
Calculate the remainder when 27046923 is divided by 256.
11
What is the remainder when 857328 is divided by 20908?
100
What is the remainder when 17091 is divided by 7527?
2037
Calculate the remainder when 553616 is divided by 1896.
1880
What is the remainder when 50069177 is divided by 665?
662
Calculate the remainder when 714687 is divided by 3121.
3099
Calculate the remainder when 43109180 is divided by 41531.
2
What is the remainder when 8241578 is divided by 862?
858
Calculate the remainder when 1812462 is divided by 2048.
2030
What is the remainder when 394280 is divided by 976?
952
Calculate the remainder when 22358 is divided by 252.
182
Calculate the remainder when 2785280 is divided by 153.
68
What is the remainder when 32522 is divided by 40?
2
What is the remainder when 423139 is divided by 211544?
51
What is the remainder when 499491 is divided by 22701?
69
What is the remainder when 1010657 is divided by 171?
47
Calculate the remainder when 88279 is divided by 5798.
1309
Calculate the remainder when 26988832 is divided by 2196.
2188
What is the remainder when 20175295 is divided by 31?
30
What is the remainder when 1311637 is divided by 1459?
1455
Calculate the remainder when 78491742 is divided by 18069.
6
What is the remainder when 986228 is divided by 3121?
3113
Calculate the remainder when 311520 is divided by 23961.
27
What is the remainder when 26317 is divided by 8093?
2038
What is the remainder when 118415 is divided by 1318?
1113
Calculate the remainder when 35694 is divided by 3270.
2994
Calculate the remainder when 8596930 is divided by 13866.
10
What is the remainder when 12069551 is divided by 12069347?
204
What is the remainder when 566961 is divided by 2210?
1201
What is the remainder when 29761970 is divided by 1473?
5
Calculate the remainder when 8893961 is divided by 207.
206
Calculate the remainder when 924951 is divided by 515.
11
What is the remainder when 50557150 is divided by 158?
152
Calculate the remainder when 192540 is divided by 18220.
10340
What is the remainder when 118108 is divided by 116738?
1370
Calculate the remainder when 99421 is divided by 49505.
411
Calculate the remainder when 2091090 is divided by 569.
15
What is the remainder when 155796 is divided by 77784?
228
What is the remainder when 9097318 is divided by 3226?
3224
What is the remainder when 999977 is divided by 777?
755
Calculate the remainder when 2516290 is divided by 2516199.
91
What is the remainder when 2017333 is divided by 112031?
775
What is the remainder when 84394 is divided by 14044?
130
What is the remainder when 750204 is divided by 53517?
966
What is the remainder when 878562 is divided by 56?
34
What is the remainder when 12864147 is divided by 245?
177
What is the remainder when 53210166 is divided by 12645?
6
Calculate the remainder when 37429501 is divided by 56.
53
Calculate the remainder when 734195 is divided by 91761.
107
Calculate the remainder when 113681 is divided by 958.
637
Calculate the remainder when 1520250 is divided by 201.
87
What is the remainder when 40044 is divided by 10009?
8
Calculate the remainder when 59108639 is divided by 32.
31
Calculate the remainder when 4917539 is divided by 60.
59
Calculate the remainder when 9256175 is divided by 342821.
8
Calculate the remainder when 314298 is divided by 104736.
90
Calculate the remainder when 269724 is divided by 569.
18
Calculate the remainder when 5214960 is divided by 180.
0
What is the remainder when 5848535 is divided by 87?
47
Calculate the remainder when 4675805 is divided by 2618.
57
Calculate the remainder when 2456 is divided by 555.
236
What is the remainder when 939425 is divided by 2135?
25
What is the remainder when 10467804 is divided by 178?
158
What is the remainder when 1302720 is divided by 750?
720
What is the remainder when 259042241 is divided by 51808446?
11
What is the remainder when 829683 is divided by 4880?
83
What is the remainder when 9044189 is divided by 469?
462
Calculate the remainder when 25515711 is divided by 360.
351
Calculate the remainder when 1093383 is divided by 46.
9
Calculate the remainder when 97031 is divided by 1764.
11
Calculate the remainder when 177271 is divided by 88507.
257
What is the remainder when 44614166 is divided by 204?
182
Calculate the remainder when 102924 is divided by 3582.
2628
What is the remainder when 11047378 is divided by 13456?
2
What is the remainder when 221836146 is divided by 24648460?
6
What is the remainder when 738710 is divided by 73868?
30
Calculate the remainder when 47740761 is divided by 248.
17
Calculate the remainder when 360294 is divided by 1269.
1167
Calculate the remainder when 1231811 is divided by 129.
119
Calculate the remainder when 9331193 is divided by 772.
29
Calculate the remainder when 72007061 is divided by 331.
328
What is the remainder when 7674845 is divided by 44363?
46
Calculate the remainder when 103199 is divided by 1257.
125
What is the remainder when 144360 is divided by 11098?
86
What is the remainder when 450027 is divided by 586?
565
What is the remainder when 25095320 is divided by 47?
46
What is the remainder when 3266112 is divided by 26553?
93
Calculate the remainder when 4386005 is divided by 121.
118
What is the remainder when 50539110 is divided by 1147?
1143
What is the remainder when 475764 is divided by 179?
161
What is the remainder when 11286700 is divided by 4285?
10
What is the remainder when 448240 is divided by 2360?
2200
Calculate the remainder when 3944506 is divided by 119.
13
What is the remainder when 1861701 is divided by 465414?
45
What is the remainder when 1685854 is divided by 99156?
202
Calculate the remainder when 3669200 is divided by 1452.
1448
Calculate the remainder when 433768 is divided by 349.
310
Calculate the remainder when 4405 is divided by 2400.
2005
What is the remainder when 1475776 is divided by 163975?
1
What is the remainder when 41442 is divided by 6849?
348
Calculate the remainder when 3508780 is divided by 135.
130
What is the remainder when 46413 is divided by 46259?
154
What is the remainder when 21259 is divided by 20732?
527
Calculate the remainder when 14991869 is divided by 52055.
29
What is the remainder when 142533569 is divided by 273?
269
Calculate the remainder when 3630264 is divided by 907551.
60
What is the remainder when 9960184 is divided by 4980084?
16
What is the remainder when 10403234 is divided by 153?
152
What is the remainder when 1071498088 is divided by 13715?
13713
What is the remainder when 2024031 is divided by 1840?
31
Calculate the remainder when 3932712 is divided by 3807.
81
Calculate the remainder when 2511786 is divided by 502339.
91
Calculate the remainder when 348624 is divided by 80.
64
What is the remainder when 9286140 is divided by 2054?
6
Calculate the remainder when 775259 is divided by 193645.
679
What is the remainder when 1287921 is divided by 643917?
87
Calculate the remainder when 500916134 is divided by 413.
411
What is the remainder when 45700568 is divi